{"id":1662,"date":"2021-02-19T08:59:06","date_gmt":"2021-02-19T07:59:06","guid":{"rendered":"https:\/\/uoh.fr\/front\/?page_id=1662"},"modified":"2023-12-01T10:44:08","modified_gmt":"2023-12-01T09:44:08","slug":"uha","status":"publish","type":"page","link":"https:\/\/uoh.fr\/front\/nos-projets\/uha\/","title":{"rendered":"UHA++"},"content":{"rendered":"\n<p style=\"font-size:24px\"><strong>Hybridation des formations d\u2019enseignement sup\u00e9rieur<\/strong><\/p>\n\n\n\n<p><strong>Novembre 2020 &#8211; Avril 2022<\/strong><\/p>\n\n\n\n<h2>PAR QUI&nbsp;?<\/h2>\n\n\n\n<p>Le projet UHA++ est port\u00e9 par l\u2019Universit\u00e9 de Haute d\u2019Alsace et financ\u00e9 par l\u2019ANR (Agence Nationale de la recherche) avec le N\u00b0 (ANR-20-NCUN-0005) dans le cadre du programme \u00ab&nbsp;Investissements d\u2019avenir&nbsp;\u00bb.<\/p>\n\n\n\n<h2>POURQUOI&nbsp;?<\/h2>\n\n\n\n<p>La situation sanitaire li\u00e9e au Covid-19 fait planer de nombreuses incertitudes sur la possibilit\u00e9 d\u2019op\u00e9rer des formations de mani\u00e8re traditionnelle.&nbsp;<\/p>\n\n\n\n<p>Le projet UHA++ pr\u00e9voit de d\u00e9ployer une approche hybride et agile, permettant de s\u2019adapter \u00e0 une situation sanitaire impr\u00e9visible. Cette d\u00e9marche associera la pluralit\u00e9 des d\u00e9marches p\u00e9dagogiques et la possibilit\u00e9 de faire varier les proportions et les modalit\u00e9s de pr\u00e9sentiel et distanciel, pour permettre aux \u00e9tudiants de poursuivre leurs \u00e9tudes.<\/p>\n\n\n\n<p>Le projet est confront\u00e9 \u00e0 deux enjeux&nbsp;:<\/p>\n\n\n\n<ul><li>Niveau local&nbsp;: assurer la continuit\u00e9 p\u00e9dagogique quelle que soit la situation sanitaire<\/li><li>Niveau National&nbsp;: mutualiser les efforts de production de ressources p\u00e9dagogiques num\u00e9riques<\/li><\/ul>\n\n\n\n<h2>COMMENT&nbsp;?<\/h2>\n\n\n\n<p>L\u2019objectif principal de UHA++ est de combiner agilit\u00e9 et hybridation en conservant le plus possible les avantages du pr\u00e9sentiel et en suppl\u00e9ant aux d\u00e9sagr\u00e9ments d\u2019un fonctionnement d\u00e9grad\u00e9 en cas de perte d\u2019unit\u00e9 de temps et de lieu. Pour ce faire, il projette de garantir en toutes circonstances un espace p\u00e9dagogique propice \u00e0 la transmission des connaissances, de maintenir les liens entre \u00e9tudiants et enseignants y compris \u00e0 distance, et de participer \u00e0 la mutualisation et \u00e0 la consolidation des ressources p\u00e9dagogiques num\u00e9riques.<\/p>\n\n\n\n<p>Objectifs du projet&nbsp;:<\/p>\n\n\n\n<ul><li>Hybridation agile des formations (incluant int\u00e9gration de contenus existants et production de contenus nouveaux)<\/li><li>Accompagnement des enseignants pour l\u2019int\u00e9gration de ressources en provenance des UNT<\/li><li>Mutualisation de ressources et de cours (UNT, FUN)<\/li><li>R\u00e9seau social anti-d\u00e9crochage r\u00e9siliant en cas de perte totale ou partielle du pr\u00e9sentiel<\/li><li>Mise \u00e0 disposition de la communaut\u00e9 ESR de services en ligne pour la p\u00e9dagogie par projets et la mesure de l\u2019engagement en ligne (Learning Analytics)<\/li><\/ul>\n\n\n\n<p>Pour atteindre ces objectifs, le projet UHA++ se compose de 3 volets compl\u00e9mentaires :<\/p>\n\n\n\n<ul><li>Acc\u00e9l\u00e9ration de l\u2019utilisation, de l\u2019\u00e9laboration et de la diffusion de contenus en ligne<\/li><li>Animation d\u2019un r\u00e9seau social de \u201cPeer Learning\u201d pour lutter contre le d\u00e9crochage<\/li><li>D\u00e9ploiement de services en ligne pour l\u2019hybridation (ouverts \u00e0 tous les \u00e9tablissements ESR)<\/li><\/ul>\n\n\n\n<h2>POUR QUI&nbsp;?<\/h2>\n\n\n\n<p>Le projet UHA++ permet principalement un accompagnement des enseignants et des \u00e9tudiants. Il fait l\u2019effort de pr\u00e9server au maximum le lien social non seulement entre enseignants et \u00e9tudiants, mais aussi entre \u00e9tudiants, quelle que soit la situation d\u2019enseignement.<\/p>\n\n\n\n<h2>LE R\u00d4LE DE L\u2019UOH&nbsp;?<\/h2>\n\n\n\n<p>L\u2019Universit\u00e9 Ouverte des Humanit\u00e9s est partenaire de ce projet pour optimiser sa capacit\u00e9 \u00e0 r\u00e9utiliser des contenus num\u00e9riques existants, \u00e0 les adapter, voire \u00e0 en d\u00e9velopper des nouveaux si le besoin appara\u00eet. Elle a \u00e9galement comme mission d\u2019assurer la mutualisation \u00e0 l\u2019\u00e9chelle nationale de ressources p\u00e9dagogiques num\u00e9riques d\u00e9j\u00e0 existantes \u00e0 l\u2019UHA et pouvant int\u00e9resser des \u00e9quipes p\u00e9dagogiques au-del\u00e0.<\/p>\n\n\n\n<h2>REALISATIONS<\/h2>\n\n\n\n<p>La bo\u00eete \u00e0 outils UHA++ con\u00e7ue par l\u2019\u00e9quipe des ing\u00e9nieures p\u00e9dagogiques a pour objectif de faire d\u00e9couvrir des outils p\u00e9dagogiques test\u00e9s et approuv\u00e9s.<\/p>\n\n\n\n<p>Dans la partie \u00ab&nbsp;outils&nbsp;\u00bb il y a 5 grandes cat\u00e9gories de besoins&nbsp;: accompagner, communiquer, \u00e9valuer, motiver et partager du contenu. Chaque fiche pr\u00e9cise le contexte d\u2019utilisation, la description, le niveau de difficult\u00e9 de la prise en main, un tutoriel, exemples et les avantages ainsi que les inconv\u00e9nients de chaque outil num\u00e9rique. Dans la rubrique \u00ab\u00a0cas d&rsquo;application\/t\u00e9moignages \u00bb, il y a de vrais t\u00e9moignages des enseignants de l\u2019UHA dans leurs contextes d&rsquo;enseignement.<\/p>\n\n\n<div style=\"width: 100%;\">\n<div style=\"position: relative; padding-bottom: 56.25%; padding-top: 0; height: 0;\"><iframe loading=\"lazy\" frameborder=\"0\" width=\"1200\" height=\"675\" style=\"position: absolute; top: 0; left: 0; width: 100%; height: 100%;\" src=\"https:\/\/view.genial.ly\/614837d7263b420df7cd159d\" type=\"text\/html\" allowscriptaccess=\"always\" allowfullscreen=\"true\" scrolling=\"yes\" allownetworking=\"all\"><\/iframe> <\/div>\n<\/p><\/div>\n\n\n\n<div class=\"wp-block-columns\">\n<div class=\"wp-block-column\">\n<h2>POUR EN SAVOIR PLUS&nbsp;:<\/h2>\n\n\n\n<p><a href=\"https:\/\/www.uha.fr\/fr\/formation-1\/grands-projets-de-formation\/uha-universite-hybride-et-agile.html\">https:\/\/www.uha.fr\/fr\/formation-1\/grands-projets-de-formation\/uha-universite-hybride-et-agile.html<\/a><\/p>\n<\/div>\n\n\n\n<div class=\"wp-block-column\">\n<h2>VOTRE CONTACT&nbsp;:<\/h2>\n\n\n\n<p>Mathieu Veuillet<\/p>\n\n\n\n<p><a href=\"mailto:mathieu.veuillet@uha.fr\">mathieu.veuillet@uha.fr<\/a><\/p>\n<\/div>\n<\/div>\n","protected":false},"excerpt":{"rendered":"<p>Hybridation des formations d\u2019enseignement sup\u00e9rieur Novembre 2020 &#8211; Avril 2022 PAR QUI&nbsp;? Le projet UHA++ est port\u00e9 par l\u2019Universit\u00e9 de Haute d\u2019Alsace et financ\u00e9 par l\u2019ANR (Agence Nationale de la recherche) avec le N\u00b0 (ANR-20-NCUN-0005) dans le cadre du programme \u00ab&nbsp;Investissements d\u2019avenir&nbsp;\u00bb. POURQUOI&nbsp;? La situation sanitaire li\u00e9e au Covid-19 fait planer de nombreuses incertitudes sur [&hellip;]<\/p>\n","protected":false},"author":2,"featured_media":0,"parent":586,"menu_order":0,"comment_status":"closed","ping_status":"closed","template":"","meta":[],"acf":[],"yoast_head":"<!-- This site is optimized with the Yoast SEO plugin v17.7.1 - https:\/\/yoast.com\/wordpress\/plugins\/seo\/ -->\n<meta name=\"robots\" content=\"index, follow, max-snippet:-1, max-image-preview:large, max-video-preview:-1\" \/>\n<link rel=\"canonical\" href=\"https:\/\/uoh.fr\/front\/nos-projets\/uha\/\" \/>\n<meta property=\"og:locale\" content=\"fr_FR\" \/>\n<meta property=\"og:type\" content=\"article\" \/>\n<meta property=\"og:title\" content=\"UHA++ - UNIVERSIT\u00c9 NUM\u00c9RIQUE DES HUMANIT\u00c9S\" \/>\n<meta property=\"og:description\" content=\"Hybridation des formations d\u2019enseignement sup\u00e9rieur Novembre 2020 &#8211; Avril 2022 PAR QUI&nbsp;? Le projet UHA++ est port\u00e9 par l\u2019Universit\u00e9 de Haute d\u2019Alsace et financ\u00e9 par l\u2019ANR (Agence Nationale de la recherche) avec le N\u00b0 (ANR-20-NCUN-0005) dans le cadre du programme \u00ab&nbsp;Investissements d\u2019avenir&nbsp;\u00bb. POURQUOI&nbsp;? La situation sanitaire li\u00e9e au Covid-19 fait planer de nombreuses incertitudes sur [&hellip;]\" \/>\n<meta property=\"og:url\" content=\"https:\/\/uoh.fr\/front\/nos-projets\/uha\/\" \/>\n<meta property=\"og:site_name\" content=\"UNIVERSIT\u00c9 NUM\u00c9RIQUE DES HUMANIT\u00c9S\" \/>\n<meta property=\"article:publisher\" content=\"https:\/\/www.facebook.com\/UOHumanites\/\" \/>\n<meta property=\"article:modified_time\" content=\"2023-12-01T09:44:08+00:00\" \/>\n<meta name=\"twitter:card\" content=\"summary_large_image\" \/>\n<meta name=\"twitter:site\" content=\"@uohumanites\" \/>\n<meta name=\"twitter:label1\" content=\"Dur\u00e9e de lecture estim\u00e9e\" \/>\n\t<meta name=\"twitter:data1\" content=\"3 minutes\" \/>\n<script type=\"application\/ld+json\" class=\"yoast-schema-graph\">{\"@context\":\"https:\/\/schema.org\",\"@graph\":[{\"@type\":\"Organization\",\"@id\":\"https:\/\/uoh.fr\/front\/#organization\",\"name\":\"Universit\\u00e9 Ouverte des Humanit\\u00e9s\",\"url\":\"https:\/\/uoh.fr\/front\/\",\"sameAs\":[\"https:\/\/www.facebook.com\/UOHumanites\/\",\"https:\/\/www.linkedin.com\/company\/universit-ouverte-des-humanit-s\",\"https:\/\/fr.wikipedia.org\/wiki\/Universit\\u00e9_ouverte_des_Humanit\\u00e9s\",\"https:\/\/twitter.com\/uohumanites\"],\"logo\":{\"@type\":\"ImageObject\",\"@id\":\"https:\/\/uoh.fr\/front\/#logo\",\"inLanguage\":\"fr-FR\",\"url\":\"https:\/\/uoh.fr\/front\/wp-content\/uploads\/2019\/10\/logo-uoh-png.png\",\"contentUrl\":\"https:\/\/uoh.fr\/front\/wp-content\/uploads\/2019\/10\/logo-uoh-png.png\",\"width\":1200,\"height\":507,\"caption\":\"Universit\\u00e9 Ouverte des Humanit\\u00e9s\"},\"image\":{\"@id\":\"https:\/\/uoh.fr\/front\/#logo\"}},{\"@type\":\"WebSite\",\"@id\":\"https:\/\/uoh.fr\/front\/#website\",\"url\":\"https:\/\/uoh.fr\/front\/\",\"name\":\"UOH\",\"description\":\"Des ressources en Arts, Lettres, Langues et Sciences Humaines et Sociales\",\"publisher\":{\"@id\":\"https:\/\/uoh.fr\/front\/#organization\"},\"potentialAction\":[{\"@type\":\"SearchAction\",\"target\":{\"@type\":\"EntryPoint\",\"urlTemplate\":\"https:\/\/uoh.fr\/front\/?s={search_term_string}\"},\"query-input\":\"required name=search_term_string\"}],\"inLanguage\":\"fr-FR\"},{\"@type\":\"WebPage\",\"@id\":\"https:\/\/uoh.fr\/front\/nos-projets\/uha\/#webpage\",\"url\":\"https:\/\/uoh.fr\/front\/nos-projets\/uha\/\",\"name\":\"UHA++ - UNIVERSIT\\u00c9 NUM\\u00c9RIQUE DES HUMANIT\\u00c9S\",\"isPartOf\":{\"@id\":\"https:\/\/uoh.fr\/front\/#website\"},\"datePublished\":\"2021-02-19T07:59:06+00:00\",\"dateModified\":\"2023-12-01T09:44:08+00:00\",\"breadcrumb\":{\"@id\":\"https:\/\/uoh.fr\/front\/nos-projets\/uha\/#breadcrumb\"},\"inLanguage\":\"fr-FR\",\"potentialAction\":[{\"@type\":\"ReadAction\",\"target\":[\"https:\/\/uoh.fr\/front\/nos-projets\/uha\/\"]}]},{\"@type\":\"BreadcrumbList\",\"@id\":\"https:\/\/uoh.fr\/front\/nos-projets\/uha\/#breadcrumb\",\"itemListElement\":[{\"@type\":\"ListItem\",\"position\":1,\"name\":\"Home\",\"item\":\"https:\/\/uoh.fr\/front\/\"},{\"@type\":\"ListItem\",\"position\":2,\"name\":\"Nos projets\",\"item\":\"https:\/\/uoh.fr\/front\/nos-projets\/\"},{\"@type\":\"ListItem\",\"position\":3,\"name\":\"UHA++\"}]}]}<\/script>\n<!-- \/ Yoast SEO plugin. -->","yoast_head_json":{"robots":{"index":"index","follow":"follow","max-snippet":"max-snippet:-1","max-image-preview":"max-image-preview:large","max-video-preview":"max-video-preview:-1"},"canonical":"https:\/\/uoh.fr\/front\/nos-projets\/uha\/","og_locale":"fr_FR","og_type":"article","og_title":"UHA++ - UNIVERSIT\u00c9 NUM\u00c9RIQUE DES HUMANIT\u00c9S","og_description":"Hybridation des formations d\u2019enseignement sup\u00e9rieur Novembre 2020 &#8211; Avril 2022 PAR QUI&nbsp;? Le projet UHA++ est port\u00e9 par l\u2019Universit\u00e9 de Haute d\u2019Alsace et financ\u00e9 par l\u2019ANR (Agence Nationale de la recherche) avec le N\u00b0 (ANR-20-NCUN-0005) dans le cadre du programme \u00ab&nbsp;Investissements d\u2019avenir&nbsp;\u00bb. POURQUOI&nbsp;? La situation sanitaire li\u00e9e au Covid-19 fait planer de nombreuses incertitudes sur [&hellip;]","og_url":"https:\/\/uoh.fr\/front\/nos-projets\/uha\/","og_site_name":"UNIVERSIT\u00c9 NUM\u00c9RIQUE DES HUMANIT\u00c9S","article_publisher":"https:\/\/www.facebook.com\/UOHumanites\/","article_modified_time":"2023-12-01T09:44:08+00:00","twitter_card":"summary_large_image","twitter_site":"@uohumanites","twitter_misc":{"Dur\u00e9e de lecture estim\u00e9e":"3 minutes"},"schema":{"@context":"https:\/\/schema.org","@graph":[{"@type":"Organization","@id":"https:\/\/uoh.fr\/front\/#organization","name":"Universit\u00e9 Ouverte des Humanit\u00e9s","url":"https:\/\/uoh.fr\/front\/","sameAs":["https:\/\/www.facebook.com\/UOHumanites\/","https:\/\/www.linkedin.com\/company\/universit-ouverte-des-humanit-s","https:\/\/fr.wikipedia.org\/wiki\/Universit\u00e9_ouverte_des_Humanit\u00e9s","https:\/\/twitter.com\/uohumanites"],"logo":{"@type":"ImageObject","@id":"https:\/\/uoh.fr\/front\/#logo","inLanguage":"fr-FR","url":"https:\/\/uoh.fr\/front\/wp-content\/uploads\/2019\/10\/logo-uoh-png.png","contentUrl":"https:\/\/uoh.fr\/front\/wp-content\/uploads\/2019\/10\/logo-uoh-png.png","width":1200,"height":507,"caption":"Universit\u00e9 Ouverte des Humanit\u00e9s"},"image":{"@id":"https:\/\/uoh.fr\/front\/#logo"}},{"@type":"WebSite","@id":"https:\/\/uoh.fr\/front\/#website","url":"https:\/\/uoh.fr\/front\/","name":"UOH","description":"Des ressources en Arts, Lettres, Langues et Sciences Humaines et Sociales","publisher":{"@id":"https:\/\/uoh.fr\/front\/#organization"},"potentialAction":[{"@type":"SearchAction","target":{"@type":"EntryPoint","urlTemplate":"https:\/\/uoh.fr\/front\/?s={search_term_string}"},"query-input":"required name=search_term_string"}],"inLanguage":"fr-FR"},{"@type":"WebPage","@id":"https:\/\/uoh.fr\/front\/nos-projets\/uha\/#webpage","url":"https:\/\/uoh.fr\/front\/nos-projets\/uha\/","name":"UHA++ - UNIVERSIT\u00c9 NUM\u00c9RIQUE DES HUMANIT\u00c9S","isPartOf":{"@id":"https:\/\/uoh.fr\/front\/#website"},"datePublished":"2021-02-19T07:59:06+00:00","dateModified":"2023-12-01T09:44:08+00:00","breadcrumb":{"@id":"https:\/\/uoh.fr\/front\/nos-projets\/uha\/#breadcrumb"},"inLanguage":"fr-FR","potentialAction":[{"@type":"ReadAction","target":["https:\/\/uoh.fr\/front\/nos-projets\/uha\/"]}]},{"@type":"BreadcrumbList","@id":"https:\/\/uoh.fr\/front\/nos-projets\/uha\/#breadcrumb","itemListElement":[{"@type":"ListItem","position":1,"name":"Home","item":"https:\/\/uoh.fr\/front\/"},{"@type":"ListItem","position":2,"name":"Nos projets","item":"https:\/\/uoh.fr\/front\/nos-projets\/"},{"@type":"ListItem","position":3,"name":"UHA++"}]}]}},"_links":{"self":[{"href":"https:\/\/uoh.fr\/front\/wp-json\/wp\/v2\/pages\/1662"}],"collection":[{"href":"https:\/\/uoh.fr\/front\/wp-json\/wp\/v2\/pages"}],"about":[{"href":"https:\/\/uoh.fr\/front\/wp-json\/wp\/v2\/types\/page"}],"author":[{"embeddable":true,"href":"https:\/\/uoh.fr\/front\/wp-json\/wp\/v2\/users\/2"}],"replies":[{"embeddable":true,"href":"https:\/\/uoh.fr\/front\/wp-json\/wp\/v2\/comments?post=1662"}],"version-history":[{"count":13,"href":"https:\/\/uoh.fr\/front\/wp-json\/wp\/v2\/pages\/1662\/revisions"}],"predecessor-version":[{"id":2169,"href":"https:\/\/uoh.fr\/front\/wp-json\/wp\/v2\/pages\/1662\/revisions\/2169"}],"up":[{"embeddable":true,"href":"https:\/\/uoh.fr\/front\/wp-json\/wp\/v2\/pages\/586"}],"wp:attachment":[{"href":"https:\/\/uoh.fr\/front\/wp-json\/wp\/v2\/media?parent=1662"}],"curies":[{"name":"wp","href":"https:\/\/api.w.org\/{rel}","templated":true}]}}