{"id":2526,"date":"2022-03-02T15:02:43","date_gmt":"2022-03-02T14:02:43","guid":{"rendered":"https:\/\/uoh.fr\/front\/?page_id=2526"},"modified":"2024-12-16T09:17:27","modified_gmt":"2024-12-16T08:17:27","slug":"passeport-ead","status":"publish","type":"page","link":"https:\/\/uoh.fr\/front\/nos-projets\/passeport-ead\/","title":{"rendered":"Passeport EAD"},"content":{"rendered":"\n<div class=\"wp-block-image is-style-default\"><figure class=\"alignleft size-full is-resized\"><a href=\"https:\/\/www.fied.fr\/\" target=\"_blank\" rel=\"noopener\"><img src=\"https:\/\/uoh.fr\/front\/wp-content\/uploads\/2022\/03\/passeport-EAD.png\" alt=\"\" class=\"wp-image-2529\" width=\"2400\" srcset=\"https:\/\/uoh.fr\/front\/wp-content\/uploads\/2022\/03\/passeport-EAD.png 1259w, https:\/\/uoh.fr\/front\/wp-content\/uploads\/2022\/03\/passeport-EAD-300x36.png 300w, https:\/\/uoh.fr\/front\/wp-content\/uploads\/2022\/03\/passeport-EAD-1024x124.png 1024w, https:\/\/uoh.fr\/front\/wp-content\/uploads\/2022\/03\/passeport-EAD-768x93.png 768w\" sizes=\"(max-width: 1259px) 100vw, 1259px\" \/><\/a><\/figure><\/div>\n\n\n\n<p><\/p>\n\n\n\n<div style=\"height:68px\" aria-hidden=\"true\" class=\"wp-block-spacer\"><\/div>\n\n\n\n<p class=\"has-text-align-center has-medium-font-size\"><strong><a href=\"https:\/\/www.fied.fr\/projet\/passeport-ead\/\" target=\"_blank\" rel=\"noreferrer noopener\">Utiliser Passeport EAD<\/a><\/strong><\/p>\n\n\n\n<h2>Contexte et objectif g\u00e9n\u00e9ral<\/h2>\n\n\n\n<p>Du fait de l&rsquo;\u00e9loignement d&rsquo;un \u00e9tablissement universitaire ou d\u2019un activit\u00e9 de travail \u00e0 temps plein, de plus en plus d&rsquo;\u00e9tudiants n\u00e9obacheliers, mais aussi de publics d\u2019\u00e9tudiants en reprise d\u2019\u00e9tudes apr\u00e8s c\u00e9sure ou encore dans le cadre de la FTLV, se tournent vers l&rsquo;enseignement \u00e0 distance. Or ces publics doivent affronter les difficult\u00e9s sp\u00e9cifiques li\u00e9es \u00e0 cette modalit\u00e9 de formation, en plus de celles de l&rsquo;entr\u00e9e \u00e0 l&rsquo;universit\u00e9. Etudier \u00e0 distance suppose de faire face \u00e0 un certain nombre de contraintes et de difficult\u00e9s auxquelles l\u2019enseignement secondaire classique pr\u00e9pare peu : contraintes de temps et de lieu; vari\u00e9t\u00e9s des formats des documents et des outils num\u00e9riques utilis\u00e9s; apprendre \u00e0 g\u00e9rer son temps et \u00e0 composer avec les modes d\u2019\u00e9changes sp\u00e9cifiques etc. S\u2019inscrire dans un cursus \u00e0 distance suppose donc d\u2019adapter ses habitudes de travail. L\u2019ambition de ce projet est de faciliter cette adaptation.<\/p>\n\n\n\n<p>Ce dispositif s\u2019inspire d\u2019une pr\u00e9paration d\u2019\u00e9t\u00e9 \u00e0 l\u2019entr\u00e9e \u00e0 l\u2019universit\u00e9 \u00e0 Paris 8, qui a donn\u00e9 de bons r\u00e9sultats et permet, selon les mots des usagers, une transition en douceur vers l&rsquo;universit\u00e9. Cette pr\u00e9paration permet de revoir avant la rentr\u00e9e les fondamentaux qui seront n\u00e9cessaires pour une entr\u00e9e r\u00e9ussie \u00e0 l&rsquo;universit\u00e9 (expression orale, recherche documentaire, lecture et compr\u00e9hension de texte, bases en math\u00e9matiques, travail en groupe).&nbsp;<\/p>\n\n\n\n<p>La philosophie g\u00e9n\u00e9rale de ce projet est de permettre aux \u00e9tudiants de prendre conscience de leur force et de leur faiblesse pour suivre avec succ\u00e8s des \u00e9tudes \u00e0 distance, de revoir les bases et de s\u2019initier aux outils et m\u00e9thodes de travail sp\u00e9cifiques. La transposition pour l\u2019enseignement \u00e0 distance \u00e0 soulever de multiples questions notamment \u00e0 cause de la diversit\u00e9 des publics et l&rsquo;h\u00e9t\u00e9rog\u00e9n\u00e9it\u00e9 de leur besoin en fonction des fili\u00e8res. C\u2019est donc d\u00e8s la conception, vers des parcours modulaires flexibles et adaptatifs que nous nous sommes orient\u00e9s.&nbsp;<\/p>\n\n\n\n<p>Enfin, pour permettre une mise \u00e0 disposition du plus grand nombres d\u2019\u00e9tablissement et d\u2019usager, L le projet s\u2019inscrit dans un logique collaborative et ouverte o\u00f9 chacun peut enrichir le projet par son apport \u00e0 la r\u00e9flexion et \u00e0 la production de contenu.<\/p>\n\n\n\n<h2>Les acteurs et r\u00f4les<\/h2>\n\n\n\n<p>Pour la partie conception\/production le projet est pilot\u00e9 par l\u2019Universit\u00e9 Paris 8 et la F\u00e9d\u00e9ration Interuniversitaire de l\u2019Enseignement \u00e0 Distance (FIED). Le comit\u00e9 de pilotage comprend sept universit\u00e9s (( Paris 8, Paris-Sud, Franche-Comt\u00e9, Paul Val\u00e9ry Montpellier, Paris-Nanterre, Caen et Lille) et trois Universit\u00e9s Th\u00e9matiques Num\u00e9riques (AUNEGE, UNISCIEL et UOH). La coordination du projet est assur\u00e9e par un ing\u00e9nieur p\u00e9dagogique. L\u2019ensemble des partenaires ont contribu\u00e9 \u00e0 la mise \u00e0 disposition de ressources p\u00e9dagogiques et la sc\u00e9narisation a \u00e9t\u00e9 \u00e9labor\u00e9e au sein de groupes de travail pour chaque module. Les ressources \u00e9ducatives libres ont \u00e9t\u00e9 privil\u00e9gi\u00e9es chaque fois que c\u2019\u00e9tait possible. Elles repr\u00e9sentent environ &nbsp;80 % de ressources utilis\u00e9es dans le projet.<\/p>\n\n\n\n<p>Diffus\u00e9 sous licence Creative Commons (BY SA), le dispositif a vocation \u00e0 \u00eatre mis \u00e0 disposition de l\u2019ensemble des \u00e9tablissements d\u2019enseignement sup\u00e9rieurs, mais \u00e9galement des campus connect\u00e9s ou des digitales acad\u00e9mies du RITLES<\/p>\n\n\n\n<h2>Les contenus et modalit\u00e9s p\u00e9dagogiques<\/h2>\n\n\n\n<p>Les objectifs sp\u00e9cifiques du projet s\u2019articulent autour de 3 axes :<\/p>\n\n\n\n<ul><li>L\u2019auto-positionnement (identifier ses points forts et faibles, prendre conscience de ses difficult\u00e9s)<\/li><li>Les comp\u00e9tences de base (utiliser des outils sp\u00e9cifiques , acqu\u00e9rir et\/ou consolider des m\u00e9thodes de travail adapt\u00e9es)<\/li><li>Surmonter les difficult\u00e9s (trouver des ressources appropri\u00e9es, interagir avec l\u2019institution et travailler en \u00e9quipe)<\/li><\/ul>\n\n\n\n<p>Les contenus p\u00e9dagogiques se divisent en quatre cat\u00e9gories :<\/p>\n\n\n\n<p>Le dispositif a \u00e9t\u00e9 d\u00e9clin\u00e9 selon deux modalit\u00e9s de formation: avec tutorat et en autoformation. Il a \u00e9t\u00e9 utilis\u00e9s par plusieurs universit\u00e9s et plusieurs tiers lieux. Notre objectif pour la version 2 est d\u2019enrichir les contenus, en produisant notamment les modules manquants (modules disciplinaires, fondamentaux math\u00e9matique, etc.) et en mettant \u00e0 profit les retours utilisateurs.<\/p>\n\n\n\n<h2>Les livrables<\/h2>\n\n\n\n<p>Le dispositif est mis \u00e0 disposition sous forme de cours Moodle que les universit\u00e9s peuvent t\u00e9l\u00e9charger afin de les r\u00e9importer sur leur propre plateforme. Pour les tiers-lieux d\u2019enseignement qui ne disposent pas de plateforme Moodle, le dispositif de formation a \u00e9t\u00e9 mis \u00e0 disposition sur la plateforme p\u00e9dagogique de l\u2019Institut d\u2019Enseignement \u00e0 Distance (IED) de l\u2019universit\u00e9 Paris 8. A ce dispositif s\u2019ajoute des guides d\u2019installation pour l\u2019import et le param\u00e9trage de Moodle et guides d\u2019animation pour les tuteurs dans les universit\u00e9s et les campus connect\u00e9s.<\/p>\n\n\n\n<p class=\"has-text-align-center has-medium-font-size\"><strong><a href=\"https:\/\/www.fied.fr\/projet\/passeport-ead\/\" target=\"_blank\" rel=\"noreferrer noopener\">Utiliser Passeport EAD<\/a><\/strong><\/p>\n","protected":false},"excerpt":{"rendered":"<p>Utiliser Passeport EAD Contexte et objectif g\u00e9n\u00e9ral Du fait de l&rsquo;\u00e9loignement d&rsquo;un \u00e9tablissement universitaire ou d\u2019un activit\u00e9 de travail \u00e0 temps plein, de plus en plus d&rsquo;\u00e9tudiants n\u00e9obacheliers, mais aussi de publics d\u2019\u00e9tudiants en reprise d\u2019\u00e9tudes apr\u00e8s c\u00e9sure ou encore dans le cadre de la FTLV, se tournent vers l&rsquo;enseignement \u00e0 distance. Or ces publics [&hellip;]<\/p>\n","protected":false},"author":2,"featured_media":0,"parent":586,"menu_order":0,"comment_status":"closed","ping_status":"closed","template":"","meta":[],"acf":[],"yoast_head":"<!-- This site is optimized with the Yoast SEO plugin v17.7.1 - https:\/\/yoast.com\/wordpress\/plugins\/seo\/ -->\n<meta name=\"robots\" content=\"index, follow, max-snippet:-1, max-image-preview:large, max-video-preview:-1\" \/>\n<link rel=\"canonical\" href=\"https:\/\/uoh.fr\/front\/nos-projets\/passeport-ead\/\" \/>\n<meta property=\"og:locale\" content=\"fr_FR\" \/>\n<meta property=\"og:type\" content=\"article\" \/>\n<meta property=\"og:title\" content=\"Passeport EAD - UNIVERSIT\u00c9 NUM\u00c9RIQUE DES HUMANIT\u00c9S\" \/>\n<meta property=\"og:description\" content=\"Utiliser Passeport EAD Contexte et objectif g\u00e9n\u00e9ral Du fait de l&rsquo;\u00e9loignement d&rsquo;un \u00e9tablissement universitaire ou d\u2019un activit\u00e9 de travail \u00e0 temps plein, de plus en plus d&rsquo;\u00e9tudiants n\u00e9obacheliers, mais aussi de publics d\u2019\u00e9tudiants en reprise d\u2019\u00e9tudes apr\u00e8s c\u00e9sure ou encore dans le cadre de la FTLV, se tournent vers l&rsquo;enseignement \u00e0 distance. Or ces publics [&hellip;]\" \/>\n<meta property=\"og:url\" content=\"https:\/\/uoh.fr\/front\/nos-projets\/passeport-ead\/\" \/>\n<meta property=\"og:site_name\" content=\"UNIVERSIT\u00c9 NUM\u00c9RIQUE DES HUMANIT\u00c9S\" \/>\n<meta property=\"article:publisher\" content=\"https:\/\/www.facebook.com\/UOHumanites\/\" \/>\n<meta property=\"article:modified_time\" content=\"2024-12-16T08:17:27+00:00\" \/>\n<meta property=\"og:image\" content=\"https:\/\/uoh.fr\/front\/wp-content\/uploads\/2022\/03\/passeport-EAD.png\" \/>\n<meta name=\"twitter:card\" content=\"summary_large_image\" \/>\n<meta name=\"twitter:site\" content=\"@uohumanites\" \/>\n<meta name=\"twitter:label1\" content=\"Dur\u00e9e de lecture estim\u00e9e\" \/>\n\t<meta name=\"twitter:data1\" content=\"4 minutes\" \/>\n<script type=\"application\/ld+json\" class=\"yoast-schema-graph\">{\"@context\":\"https:\/\/schema.org\",\"@graph\":[{\"@type\":\"Organization\",\"@id\":\"https:\/\/uoh.fr\/front\/#organization\",\"name\":\"Universit\\u00e9 Ouverte des Humanit\\u00e9s\",\"url\":\"https:\/\/uoh.fr\/front\/\",\"sameAs\":[\"https:\/\/www.facebook.com\/UOHumanites\/\",\"https:\/\/www.linkedin.com\/company\/universit-ouverte-des-humanit-s\",\"https:\/\/fr.wikipedia.org\/wiki\/Universit\\u00e9_ouverte_des_Humanit\\u00e9s\",\"https:\/\/twitter.com\/uohumanites\"],\"logo\":{\"@type\":\"ImageObject\",\"@id\":\"https:\/\/uoh.fr\/front\/#logo\",\"inLanguage\":\"fr-FR\",\"url\":\"https:\/\/uoh.fr\/front\/wp-content\/uploads\/2019\/10\/logo-uoh-png.png\",\"contentUrl\":\"https:\/\/uoh.fr\/front\/wp-content\/uploads\/2019\/10\/logo-uoh-png.png\",\"width\":1200,\"height\":507,\"caption\":\"Universit\\u00e9 Ouverte des Humanit\\u00e9s\"},\"image\":{\"@id\":\"https:\/\/uoh.fr\/front\/#logo\"}},{\"@type\":\"WebSite\",\"@id\":\"https:\/\/uoh.fr\/front\/#website\",\"url\":\"https:\/\/uoh.fr\/front\/\",\"name\":\"UOH\",\"description\":\"Des ressources en Arts, Lettres, Langues et Sciences Humaines et Sociales\",\"publisher\":{\"@id\":\"https:\/\/uoh.fr\/front\/#organization\"},\"potentialAction\":[{\"@type\":\"SearchAction\",\"target\":{\"@type\":\"EntryPoint\",\"urlTemplate\":\"https:\/\/uoh.fr\/front\/?s={search_term_string}\"},\"query-input\":\"required name=search_term_string\"}],\"inLanguage\":\"fr-FR\"},{\"@type\":\"ImageObject\",\"@id\":\"https:\/\/uoh.fr\/front\/nos-projets\/passeport-ead\/#primaryimage\",\"inLanguage\":\"fr-FR\",\"url\":\"https:\/\/uoh.fr\/front\/wp-content\/uploads\/2022\/03\/passeport-EAD.png\",\"contentUrl\":\"https:\/\/uoh.fr\/front\/wp-content\/uploads\/2022\/03\/passeport-EAD.png\",\"width\":1259,\"height\":153},{\"@type\":\"WebPage\",\"@id\":\"https:\/\/uoh.fr\/front\/nos-projets\/passeport-ead\/#webpage\",\"url\":\"https:\/\/uoh.fr\/front\/nos-projets\/passeport-ead\/\",\"name\":\"Passeport EAD - UNIVERSIT\\u00c9 NUM\\u00c9RIQUE DES HUMANIT\\u00c9S\",\"isPartOf\":{\"@id\":\"https:\/\/uoh.fr\/front\/#website\"},\"primaryImageOfPage\":{\"@id\":\"https:\/\/uoh.fr\/front\/nos-projets\/passeport-ead\/#primaryimage\"},\"datePublished\":\"2022-03-02T14:02:43+00:00\",\"dateModified\":\"2024-12-16T08:17:27+00:00\",\"breadcrumb\":{\"@id\":\"https:\/\/uoh.fr\/front\/nos-projets\/passeport-ead\/#breadcrumb\"},\"inLanguage\":\"fr-FR\",\"potentialAction\":[{\"@type\":\"ReadAction\",\"target\":[\"https:\/\/uoh.fr\/front\/nos-projets\/passeport-ead\/\"]}]},{\"@type\":\"BreadcrumbList\",\"@id\":\"https:\/\/uoh.fr\/front\/nos-projets\/passeport-ead\/#breadcrumb\",\"itemListElement\":[{\"@type\":\"ListItem\",\"position\":1,\"name\":\"Home\",\"item\":\"https:\/\/uoh.fr\/front\/\"},{\"@type\":\"ListItem\",\"position\":2,\"name\":\"Nos projets\",\"item\":\"https:\/\/uoh.fr\/front\/nos-projets\/\"},{\"@type\":\"ListItem\",\"position\":3,\"name\":\"Passeport EAD\"}]}]}<\/script>\n<!-- \/ Yoast SEO plugin. -->","yoast_head_json":{"robots":{"index":"index","follow":"follow","max-snippet":"max-snippet:-1","max-image-preview":"max-image-preview:large","max-video-preview":"max-video-preview:-1"},"canonical":"https:\/\/uoh.fr\/front\/nos-projets\/passeport-ead\/","og_locale":"fr_FR","og_type":"article","og_title":"Passeport EAD - UNIVERSIT\u00c9 NUM\u00c9RIQUE DES HUMANIT\u00c9S","og_description":"Utiliser Passeport EAD Contexte et objectif g\u00e9n\u00e9ral Du fait de l&rsquo;\u00e9loignement d&rsquo;un \u00e9tablissement universitaire ou d\u2019un activit\u00e9 de travail \u00e0 temps plein, de plus en plus d&rsquo;\u00e9tudiants n\u00e9obacheliers, mais aussi de publics d\u2019\u00e9tudiants en reprise d\u2019\u00e9tudes apr\u00e8s c\u00e9sure ou encore dans le cadre de la FTLV, se tournent vers l&rsquo;enseignement \u00e0 distance. Or ces publics [&hellip;]","og_url":"https:\/\/uoh.fr\/front\/nos-projets\/passeport-ead\/","og_site_name":"UNIVERSIT\u00c9 NUM\u00c9RIQUE DES HUMANIT\u00c9S","article_publisher":"https:\/\/www.facebook.com\/UOHumanites\/","article_modified_time":"2024-12-16T08:17:27+00:00","og_image":[{"url":"https:\/\/uoh.fr\/front\/wp-content\/uploads\/2022\/03\/passeport-EAD.png"}],"twitter_card":"summary_large_image","twitter_site":"@uohumanites","twitter_misc":{"Dur\u00e9e de lecture estim\u00e9e":"4 minutes"},"schema":{"@context":"https:\/\/schema.org","@graph":[{"@type":"Organization","@id":"https:\/\/uoh.fr\/front\/#organization","name":"Universit\u00e9 Ouverte des Humanit\u00e9s","url":"https:\/\/uoh.fr\/front\/","sameAs":["https:\/\/www.facebook.com\/UOHumanites\/","https:\/\/www.linkedin.com\/company\/universit-ouverte-des-humanit-s","https:\/\/fr.wikipedia.org\/wiki\/Universit\u00e9_ouverte_des_Humanit\u00e9s","https:\/\/twitter.com\/uohumanites"],"logo":{"@type":"ImageObject","@id":"https:\/\/uoh.fr\/front\/#logo","inLanguage":"fr-FR","url":"https:\/\/uoh.fr\/front\/wp-content\/uploads\/2019\/10\/logo-uoh-png.png","contentUrl":"https:\/\/uoh.fr\/front\/wp-content\/uploads\/2019\/10\/logo-uoh-png.png","width":1200,"height":507,"caption":"Universit\u00e9 Ouverte des Humanit\u00e9s"},"image":{"@id":"https:\/\/uoh.fr\/front\/#logo"}},{"@type":"WebSite","@id":"https:\/\/uoh.fr\/front\/#website","url":"https:\/\/uoh.fr\/front\/","name":"UOH","description":"Des ressources en Arts, Lettres, Langues et Sciences Humaines et Sociales","publisher":{"@id":"https:\/\/uoh.fr\/front\/#organization"},"potentialAction":[{"@type":"SearchAction","target":{"@type":"EntryPoint","urlTemplate":"https:\/\/uoh.fr\/front\/?s={search_term_string}"},"query-input":"required name=search_term_string"}],"inLanguage":"fr-FR"},{"@type":"ImageObject","@id":"https:\/\/uoh.fr\/front\/nos-projets\/passeport-ead\/#primaryimage","inLanguage":"fr-FR","url":"https:\/\/uoh.fr\/front\/wp-content\/uploads\/2022\/03\/passeport-EAD.png","contentUrl":"https:\/\/uoh.fr\/front\/wp-content\/uploads\/2022\/03\/passeport-EAD.png","width":1259,"height":153},{"@type":"WebPage","@id":"https:\/\/uoh.fr\/front\/nos-projets\/passeport-ead\/#webpage","url":"https:\/\/uoh.fr\/front\/nos-projets\/passeport-ead\/","name":"Passeport EAD - UNIVERSIT\u00c9 NUM\u00c9RIQUE DES HUMANIT\u00c9S","isPartOf":{"@id":"https:\/\/uoh.fr\/front\/#website"},"primaryImageOfPage":{"@id":"https:\/\/uoh.fr\/front\/nos-projets\/passeport-ead\/#primaryimage"},"datePublished":"2022-03-02T14:02:43+00:00","dateModified":"2024-12-16T08:17:27+00:00","breadcrumb":{"@id":"https:\/\/uoh.fr\/front\/nos-projets\/passeport-ead\/#breadcrumb"},"inLanguage":"fr-FR","potentialAction":[{"@type":"ReadAction","target":["https:\/\/uoh.fr\/front\/nos-projets\/passeport-ead\/"]}]},{"@type":"BreadcrumbList","@id":"https:\/\/uoh.fr\/front\/nos-projets\/passeport-ead\/#breadcrumb","itemListElement":[{"@type":"ListItem","position":1,"name":"Home","item":"https:\/\/uoh.fr\/front\/"},{"@type":"ListItem","position":2,"name":"Nos projets","item":"https:\/\/uoh.fr\/front\/nos-projets\/"},{"@type":"ListItem","position":3,"name":"Passeport EAD"}]}]}},"_links":{"self":[{"href":"https:\/\/uoh.fr\/front\/wp-json\/wp\/v2\/pages\/2526"}],"collection":[{"href":"https:\/\/uoh.fr\/front\/wp-json\/wp\/v2\/pages"}],"about":[{"href":"https:\/\/uoh.fr\/front\/wp-json\/wp\/v2\/types\/page"}],"author":[{"embeddable":true,"href":"https:\/\/uoh.fr\/front\/wp-json\/wp\/v2\/users\/2"}],"replies":[{"embeddable":true,"href":"https:\/\/uoh.fr\/front\/wp-json\/wp\/v2\/comments?post=2526"}],"version-history":[{"count":25,"href":"https:\/\/uoh.fr\/front\/wp-json\/wp\/v2\/pages\/2526\/revisions"}],"predecessor-version":[{"id":3399,"href":"https:\/\/uoh.fr\/front\/wp-json\/wp\/v2\/pages\/2526\/revisions\/3399"}],"up":[{"embeddable":true,"href":"https:\/\/uoh.fr\/front\/wp-json\/wp\/v2\/pages\/586"}],"wp:attachment":[{"href":"https:\/\/uoh.fr\/front\/wp-json\/wp\/v2\/media?parent=2526"}],"curies":[{"name":"wp","href":"https:\/\/api.w.org\/{rel}","templated":true}]}}