{"id":596,"date":"2019-10-10T10:38:52","date_gmt":"2019-10-10T08:38:52","guid":{"rendered":"http:\/\/unit-4.criann.fr\/front\/?page_id=596"},"modified":"2023-12-01T10:45:15","modified_gmt":"2023-12-01T09:45:15","slug":"pericles","status":"publish","type":"page","link":"https:\/\/uoh.fr\/front\/nos-projets\/pericles\/","title":{"rendered":"Pericles"},"content":{"rendered":"\n<p>Pericles se compose de deux parties\u00a0: Pericles \u00e9valuation et Pericles recommandation.\u00a0 <\/p>\n\n\n\n<p><strong>Pericles \u00e9valuation<\/strong><\/p>\n\n\n\n<p>Pericles \u00e9valuation est un outil d\u2019\u00e9valuation de la qualit\u00e9 des ressources p\u00e9dagogiques, des enseignements et des formations.<\/p>\n\n\n\n<p>Il permet \u00e0 une institution d&rsquo;enseignement sup\u00e9rieur ou \u00e0 un organisme de formation professionnelle de mettre en \u0153uvre une politique d&rsquo;assurance qualit\u00e9 interne reposant sur l&rsquo;\u00e9valuation par les \u00e9tudiants apprenants.<\/p>\n\n\n\n<figure class=\"wp-block-image is-resized\"><img loading=\"lazy\" src=\"https:\/\/uoh.fr\/front\/wp-content\/uploads\/2019\/10\/pericles-1024x780.png\" alt=\"\" class=\"wp-image-757\" width=\"573\" height=\"435\" srcset=\"https:\/\/uoh.fr\/front\/wp-content\/uploads\/2019\/10\/pericles-1024x780.png 1024w, https:\/\/uoh.fr\/front\/wp-content\/uploads\/2019\/10\/pericles-300x228.png 300w, https:\/\/uoh.fr\/front\/wp-content\/uploads\/2019\/10\/pericles-768x585.png 768w, https:\/\/uoh.fr\/front\/wp-content\/uploads\/2019\/10\/pericles.png 1417w\" sizes=\"(max-width: 573px) 100vw, 573px\" \/><\/figure>\n\n\n\n<hr class=\"wp-block-separator\"\/>\n\n\n\n<p><strong>PERICLES recommandation<\/strong><\/p>\n\n\n\n<p>PERICLES recommandation permet de proposer des ressources aux usagers de l\u2019UOH en fonction de leurs centres d\u2019int\u00e9r\u00eat et de leur navigation.<\/p>\n\n\n\n<p>Cet outil permet aussi de recommander des ressources de l\u2019UOH et d\u2019autres UNT aux \u00e9tudiants dans les \u00e9tablissements (ENT, Moodle\u2026).<\/p>\n\n\n\n<p>PERICLES propose des outils au services des institutions d&rsquo;enseignement sup\u00e9rieur ou de formation. \u00c0 cet \u00e9gard, il est neutre par rapport :<\/p>\n\n\n\n<ul><li>aux diff\u00e9rents r\u00e9f\u00e9rentiels d&rsquo;\u00e9valuation<\/li><li>aux modes d&rsquo;organisation de l&rsquo;\u00e9valuation (bottom up vs. top down)<\/li><li>aux crit\u00e8res retenus par une institution pour mettre en \u0153uvre sa politique d&rsquo;\u00e9valuation<\/li><li>aux objectifs de l&rsquo;\u00e9valuation (auto-\u00e9valuation, pr\u00e9paration \u00e0 l&rsquo;accr\u00e9ditation, indicateurs nationaux)<\/li><\/ul>\n\n\n\n<p>PERICLES respecte les normes et standards, notamment\nSupLomfr et CDMfr.<\/p>\n\n\n\n<p>Il s&rsquo;int\u00e8gre au sein du syst\u00e8me d&rsquo;information des institutions en s&rsquo;interfa\u00e7ant, notamment avec :<\/p>\n\n\n\n<ul><li>les annuaires<\/li><li>les progiciels de gestion int\u00e9gr\u00e9e<\/li><li>les ENT<\/li><\/ul>\n\n\n\n<p>Il peut \u00e9galement s&rsquo;interfacer avec<\/p>\n\n\n\n<ul><li>des r\u00e9f\u00e9rentiels de comp\u00e9tences m\u00e9tier en management et en technologies de l&rsquo;information<\/li><li>des projets d&rsquo;e-portfolios<\/li><\/ul>\n","protected":false},"excerpt":{"rendered":"<p>Pericles se compose de deux parties\u00a0: Pericles \u00e9valuation et Pericles recommandation.\u00a0 Pericles \u00e9valuation Pericles \u00e9valuation est un outil d\u2019\u00e9valuation de la qualit\u00e9 des ressources p\u00e9dagogiques, des enseignements et des formations. Il permet \u00e0 une institution d&rsquo;enseignement sup\u00e9rieur ou \u00e0 un organisme de formation professionnelle de mettre en \u0153uvre une politique d&rsquo;assurance qualit\u00e9 interne reposant sur [&hellip;]<\/p>\n","protected":false},"author":1,"featured_media":0,"parent":586,"menu_order":0,"comment_status":"closed","ping_status":"closed","template":"","meta":[],"acf":[],"yoast_head":"<!-- This site is optimized with the Yoast SEO plugin v17.7.1 - https:\/\/yoast.com\/wordpress\/plugins\/seo\/ -->\n<meta name=\"robots\" content=\"index, follow, max-snippet:-1, max-image-preview:large, max-video-preview:-1\" \/>\n<link rel=\"canonical\" href=\"https:\/\/uoh.fr\/front\/nos-projets\/pericles\/\" \/>\n<meta property=\"og:locale\" content=\"fr_FR\" \/>\n<meta property=\"og:type\" content=\"article\" \/>\n<meta property=\"og:title\" content=\"Pericles - UNIVERSIT\u00c9 NUM\u00c9RIQUE DES HUMANIT\u00c9S\" \/>\n<meta property=\"og:description\" content=\"Pericles se compose de deux parties\u00a0: Pericles \u00e9valuation et Pericles recommandation.\u00a0 Pericles \u00e9valuation Pericles \u00e9valuation est un outil d\u2019\u00e9valuation de la qualit\u00e9 des ressources p\u00e9dagogiques, des enseignements et des formations. Il permet \u00e0 une institution d&rsquo;enseignement sup\u00e9rieur ou \u00e0 un organisme de formation professionnelle de mettre en \u0153uvre une politique d&rsquo;assurance qualit\u00e9 interne reposant sur [&hellip;]\" \/>\n<meta property=\"og:url\" content=\"https:\/\/uoh.fr\/front\/nos-projets\/pericles\/\" \/>\n<meta property=\"og:site_name\" content=\"UNIVERSIT\u00c9 NUM\u00c9RIQUE DES HUMANIT\u00c9S\" \/>\n<meta property=\"article:publisher\" content=\"https:\/\/www.facebook.com\/UOHumanites\/\" \/>\n<meta property=\"article:modified_time\" content=\"2023-12-01T09:45:15+00:00\" \/>\n<meta property=\"og:image\" content=\"https:\/\/uoh.fr\/front\/wp-content\/uploads\/2019\/10\/pericles-1024x780.png\" \/>\n<meta name=\"twitter:card\" content=\"summary_large_image\" \/>\n<meta name=\"twitter:site\" content=\"@uohumanites\" \/>\n<meta name=\"twitter:label1\" content=\"Dur\u00e9e de lecture estim\u00e9e\" \/>\n\t<meta name=\"twitter:data1\" content=\"1 minute\" \/>\n<script type=\"application\/ld+json\" class=\"yoast-schema-graph\">{\"@context\":\"https:\/\/schema.org\",\"@graph\":[{\"@type\":\"Organization\",\"@id\":\"https:\/\/uoh.fr\/front\/#organization\",\"name\":\"Universit\\u00e9 Ouverte des Humanit\\u00e9s\",\"url\":\"https:\/\/uoh.fr\/front\/\",\"sameAs\":[\"https:\/\/www.facebook.com\/UOHumanites\/\",\"https:\/\/www.linkedin.com\/company\/universit-ouverte-des-humanit-s\",\"https:\/\/fr.wikipedia.org\/wiki\/Universit\\u00e9_ouverte_des_Humanit\\u00e9s\",\"https:\/\/twitter.com\/uohumanites\"],\"logo\":{\"@type\":\"ImageObject\",\"@id\":\"https:\/\/uoh.fr\/front\/#logo\",\"inLanguage\":\"fr-FR\",\"url\":\"https:\/\/uoh.fr\/front\/wp-content\/uploads\/2019\/10\/logo-uoh-png.png\",\"contentUrl\":\"https:\/\/uoh.fr\/front\/wp-content\/uploads\/2019\/10\/logo-uoh-png.png\",\"width\":1200,\"height\":507,\"caption\":\"Universit\\u00e9 Ouverte des Humanit\\u00e9s\"},\"image\":{\"@id\":\"https:\/\/uoh.fr\/front\/#logo\"}},{\"@type\":\"WebSite\",\"@id\":\"https:\/\/uoh.fr\/front\/#website\",\"url\":\"https:\/\/uoh.fr\/front\/\",\"name\":\"UOH\",\"description\":\"Des ressources en Arts, Lettres, Langues et Sciences Humaines et Sociales\",\"publisher\":{\"@id\":\"https:\/\/uoh.fr\/front\/#organization\"},\"potentialAction\":[{\"@type\":\"SearchAction\",\"target\":{\"@type\":\"EntryPoint\",\"urlTemplate\":\"https:\/\/uoh.fr\/front\/?s={search_term_string}\"},\"query-input\":\"required name=search_term_string\"}],\"inLanguage\":\"fr-FR\"},{\"@type\":\"ImageObject\",\"@id\":\"https:\/\/uoh.fr\/front\/nos-projets\/pericles\/#primaryimage\",\"inLanguage\":\"fr-FR\",\"url\":\"https:\/\/uoh.fr\/front\/wp-content\/uploads\/2019\/10\/pericles.png\",\"contentUrl\":\"https:\/\/uoh.fr\/front\/wp-content\/uploads\/2019\/10\/pericles.png\",\"width\":1417,\"height\":1079},{\"@type\":\"WebPage\",\"@id\":\"https:\/\/uoh.fr\/front\/nos-projets\/pericles\/#webpage\",\"url\":\"https:\/\/uoh.fr\/front\/nos-projets\/pericles\/\",\"name\":\"Pericles - UNIVERSIT\\u00c9 NUM\\u00c9RIQUE DES HUMANIT\\u00c9S\",\"isPartOf\":{\"@id\":\"https:\/\/uoh.fr\/front\/#website\"},\"primaryImageOfPage\":{\"@id\":\"https:\/\/uoh.fr\/front\/nos-projets\/pericles\/#primaryimage\"},\"datePublished\":\"2019-10-10T08:38:52+00:00\",\"dateModified\":\"2023-12-01T09:45:15+00:00\",\"breadcrumb\":{\"@id\":\"https:\/\/uoh.fr\/front\/nos-projets\/pericles\/#breadcrumb\"},\"inLanguage\":\"fr-FR\",\"potentialAction\":[{\"@type\":\"ReadAction\",\"target\":[\"https:\/\/uoh.fr\/front\/nos-projets\/pericles\/\"]}]},{\"@type\":\"BreadcrumbList\",\"@id\":\"https:\/\/uoh.fr\/front\/nos-projets\/pericles\/#breadcrumb\",\"itemListElement\":[{\"@type\":\"ListItem\",\"position\":1,\"name\":\"Home\",\"item\":\"https:\/\/uoh.fr\/front\/\"},{\"@type\":\"ListItem\",\"position\":2,\"name\":\"Nos projets\",\"item\":\"https:\/\/uoh.fr\/front\/nos-projets\/\"},{\"@type\":\"ListItem\",\"position\":3,\"name\":\"Pericles\"}]}]}<\/script>\n<!-- \/ Yoast SEO plugin. -->","yoast_head_json":{"robots":{"index":"index","follow":"follow","max-snippet":"max-snippet:-1","max-image-preview":"max-image-preview:large","max-video-preview":"max-video-preview:-1"},"canonical":"https:\/\/uoh.fr\/front\/nos-projets\/pericles\/","og_locale":"fr_FR","og_type":"article","og_title":"Pericles - UNIVERSIT\u00c9 NUM\u00c9RIQUE DES HUMANIT\u00c9S","og_description":"Pericles se compose de deux parties\u00a0: Pericles \u00e9valuation et Pericles recommandation.\u00a0 Pericles \u00e9valuation Pericles \u00e9valuation est un outil d\u2019\u00e9valuation de la qualit\u00e9 des ressources p\u00e9dagogiques, des enseignements et des formations. Il permet \u00e0 une institution d&rsquo;enseignement sup\u00e9rieur ou \u00e0 un organisme de formation professionnelle de mettre en \u0153uvre une politique d&rsquo;assurance qualit\u00e9 interne reposant sur [&hellip;]","og_url":"https:\/\/uoh.fr\/front\/nos-projets\/pericles\/","og_site_name":"UNIVERSIT\u00c9 NUM\u00c9RIQUE DES HUMANIT\u00c9S","article_publisher":"https:\/\/www.facebook.com\/UOHumanites\/","article_modified_time":"2023-12-01T09:45:15+00:00","og_image":[{"url":"https:\/\/uoh.fr\/front\/wp-content\/uploads\/2019\/10\/pericles-1024x780.png"}],"twitter_card":"summary_large_image","twitter_site":"@uohumanites","twitter_misc":{"Dur\u00e9e de lecture estim\u00e9e":"1 minute"},"schema":{"@context":"https:\/\/schema.org","@graph":[{"@type":"Organization","@id":"https:\/\/uoh.fr\/front\/#organization","name":"Universit\u00e9 Ouverte des Humanit\u00e9s","url":"https:\/\/uoh.fr\/front\/","sameAs":["https:\/\/www.facebook.com\/UOHumanites\/","https:\/\/www.linkedin.com\/company\/universit-ouverte-des-humanit-s","https:\/\/fr.wikipedia.org\/wiki\/Universit\u00e9_ouverte_des_Humanit\u00e9s","https:\/\/twitter.com\/uohumanites"],"logo":{"@type":"ImageObject","@id":"https:\/\/uoh.fr\/front\/#logo","inLanguage":"fr-FR","url":"https:\/\/uoh.fr\/front\/wp-content\/uploads\/2019\/10\/logo-uoh-png.png","contentUrl":"https:\/\/uoh.fr\/front\/wp-content\/uploads\/2019\/10\/logo-uoh-png.png","width":1200,"height":507,"caption":"Universit\u00e9 Ouverte des Humanit\u00e9s"},"image":{"@id":"https:\/\/uoh.fr\/front\/#logo"}},{"@type":"WebSite","@id":"https:\/\/uoh.fr\/front\/#website","url":"https:\/\/uoh.fr\/front\/","name":"UOH","description":"Des ressources en Arts, Lettres, Langues et Sciences Humaines et Sociales","publisher":{"@id":"https:\/\/uoh.fr\/front\/#organization"},"potentialAction":[{"@type":"SearchAction","target":{"@type":"EntryPoint","urlTemplate":"https:\/\/uoh.fr\/front\/?s={search_term_string}"},"query-input":"required name=search_term_string"}],"inLanguage":"fr-FR"},{"@type":"ImageObject","@id":"https:\/\/uoh.fr\/front\/nos-projets\/pericles\/#primaryimage","inLanguage":"fr-FR","url":"https:\/\/uoh.fr\/front\/wp-content\/uploads\/2019\/10\/pericles.png","contentUrl":"https:\/\/uoh.fr\/front\/wp-content\/uploads\/2019\/10\/pericles.png","width":1417,"height":1079},{"@type":"WebPage","@id":"https:\/\/uoh.fr\/front\/nos-projets\/pericles\/#webpage","url":"https:\/\/uoh.fr\/front\/nos-projets\/pericles\/","name":"Pericles - UNIVERSIT\u00c9 NUM\u00c9RIQUE DES HUMANIT\u00c9S","isPartOf":{"@id":"https:\/\/uoh.fr\/front\/#website"},"primaryImageOfPage":{"@id":"https:\/\/uoh.fr\/front\/nos-projets\/pericles\/#primaryimage"},"datePublished":"2019-10-10T08:38:52+00:00","dateModified":"2023-12-01T09:45:15+00:00","breadcrumb":{"@id":"https:\/\/uoh.fr\/front\/nos-projets\/pericles\/#breadcrumb"},"inLanguage":"fr-FR","potentialAction":[{"@type":"ReadAction","target":["https:\/\/uoh.fr\/front\/nos-projets\/pericles\/"]}]},{"@type":"BreadcrumbList","@id":"https:\/\/uoh.fr\/front\/nos-projets\/pericles\/#breadcrumb","itemListElement":[{"@type":"ListItem","position":1,"name":"Home","item":"https:\/\/uoh.fr\/front\/"},{"@type":"ListItem","position":2,"name":"Nos projets","item":"https:\/\/uoh.fr\/front\/nos-projets\/"},{"@type":"ListItem","position":3,"name":"Pericles"}]}]}},"_links":{"self":[{"href":"https:\/\/uoh.fr\/front\/wp-json\/wp\/v2\/pages\/596"}],"collection":[{"href":"https:\/\/uoh.fr\/front\/wp-json\/wp\/v2\/pages"}],"about":[{"href":"https:\/\/uoh.fr\/front\/wp-json\/wp\/v2\/types\/page"}],"author":[{"embeddable":true,"href":"https:\/\/uoh.fr\/front\/wp-json\/wp\/v2\/users\/1"}],"replies":[{"embeddable":true,"href":"https:\/\/uoh.fr\/front\/wp-json\/wp\/v2\/comments?post=596"}],"version-history":[{"count":13,"href":"https:\/\/uoh.fr\/front\/wp-json\/wp\/v2\/pages\/596\/revisions"}],"predecessor-version":[{"id":1316,"href":"https:\/\/uoh.fr\/front\/wp-json\/wp\/v2\/pages\/596\/revisions\/1316"}],"up":[{"embeddable":true,"href":"https:\/\/uoh.fr\/front\/wp-json\/wp\/v2\/pages\/586"}],"wp:attachment":[{"href":"https:\/\/uoh.fr\/front\/wp-json\/wp\/v2\/media?parent=596"}],"curies":[{"name":"wp","href":"https:\/\/api.w.org\/{rel}","templated":true}]}}