{"id":765,"date":"2019-10-17T11:10:56","date_gmt":"2019-10-17T09:10:56","guid":{"rendered":"http:\/\/unit-4.criann.fr\/front\/?page_id=765"},"modified":"2019-11-15T14:45:33","modified_gmt":"2019-11-15T13:45:33","slug":"lutte-contre-lechec","status":"publish","type":"page","link":"https:\/\/uoh.fr\/front\/lutte-contre-lechec\/","title":{"rendered":"Lutte contre l&rsquo;\u00e9chec"},"content":{"rendered":"\n<p>La lutte contre l\u2019\u00e9chec en 1er cycle est l\u2019un\ndes d\u00e9fis de nos \u00e9tablissements. Celle-ci passe notamment par une d\u00e9tection\npr\u00e9coce des lacunes et difficult\u00e9s de l\u2019\u00e9tudiant et\/ou par un travail sur la\ntransition lyc\u00e9e\/universit\u00e9, ainsi que par des op\u00e9rations de rem\u00e9diation.<\/p>\n\n\n\n<p>L\u2019UOH est en mesure d\u2019aider \u00e0 la mise en place\nde parcours de rem\u00e9diation, de tests de positionnement, voire d\u2019aides\nm\u00e9thodologiques de travail.<\/p>\n\n\n\n<p>Voici deux exemples de sc\u00e9narios possibles \u00e0\nmettre en \u0153uvre dans un \u00e9tablissement. <\/p>\n\n\n\n<p><strong>Sc\u00e9nario 1<\/strong><\/p>\n\n\n\n<p>\u00c0 partir des ressources ciblant les \u00e9tudiants de niveau L1, ce sc\u00e9nario permet d&rsquo;apporter de nouveaux contenus pour l&rsquo;\u00e9tudiant : <\/p>\n\n\n\n<ul><li><strong>\u00c9tape 1<\/strong>&nbsp;: Identifier les lacunes des \u00e9tudiants dans une discipline<\/li><li><strong>\u00c9tape 2<\/strong>&nbsp;: Identifier avec l\u2019aide de l\u2019UOH les ressources de son catalogue pouvant correspondre aux besoins de ces \u00e9tudiants<\/li><li><strong>\u00c9tape 3<\/strong>&nbsp;: Construire des dispositifs de remise \u00e0 niveau articulant ces ressources \u00e0 celles existant \u00e9ventuellement dans l\u2019\u00e9tablissement<\/li><\/ul>\n\n\n\n<p><strong>Sc\u00e9nario 2<\/strong><\/p>\n\n\n\n<p>\u00c0 partir de tests de positionnement lorsqu\u2019ils existent, voici un sc\u00e9nario relativement \u00e9conomique et peu co\u00fbteux au niveau de la mobilisation des enseignants, mais objectivant\u00a0une action concr\u00e8te de la part de l\u2019\u00e9tablissement (ce sc\u00e9nario peut ais\u00e9ment \u00eatre approfondi en fonction de la volont\u00e9 de l\u2019\u00e9tablissement).<\/p>\n\n\n\n<ul><li><strong>\u00c9tape 1<\/strong>&nbsp;: Mettre en place des tests de positionnement en d\u00e9but de semestre pour identifier les lacunes des \u00e9tudiants (banque de tests de positionnement)<\/li><li><strong>\u00c9tape 2<\/strong>&nbsp;: Faire un rendu individuel \u00e0 chaque \u00e9tudiant <\/li><li><strong>\u00c9tape 3<\/strong>&nbsp;: Pour les \u00e9tudiants les plus en difficult\u00e9, les sensibiliser aux possibilit\u00e9s de r\u00e9orientation active (BTS, DUT, Formation Professionnelle Acc\u00e9l\u00e9r\u00e9e)<\/li><li><strong>\u00c9tape 3 bis<\/strong>&nbsp;: Pour les autres \u00e9tudiants, leur pr\u00e9coniser des bonnes pratiques d\u2019organisation du travail \u00e9tudiant (module de m\u00e9thodologie)<\/li><\/ul>\n","protected":false},"excerpt":{"rendered":"<p>La lutte contre l\u2019\u00e9chec en 1er cycle est l\u2019un des d\u00e9fis de nos \u00e9tablissements. Celle-ci passe notamment par une d\u00e9tection pr\u00e9coce des lacunes et difficult\u00e9s de l\u2019\u00e9tudiant et\/ou par un travail sur la transition lyc\u00e9e\/universit\u00e9, ainsi que par des op\u00e9rations de rem\u00e9diation. L\u2019UOH est en mesure d\u2019aider \u00e0 la mise en place de parcours de [&hellip;]<\/p>\n","protected":false},"author":1,"featured_media":0,"parent":0,"menu_order":0,"comment_status":"closed","ping_status":"closed","template":"","meta":[],"acf":[],"yoast_head":"<!-- This site is optimized with the Yoast SEO plugin v17.7.1 - https:\/\/yoast.com\/wordpress\/plugins\/seo\/ -->\n<meta name=\"robots\" content=\"index, follow, max-snippet:-1, max-image-preview:large, max-video-preview:-1\" \/>\n<link rel=\"canonical\" href=\"https:\/\/uoh.fr\/front\/lutte-contre-lechec\/\" \/>\n<meta property=\"og:locale\" content=\"fr_FR\" \/>\n<meta property=\"og:type\" content=\"article\" \/>\n<meta property=\"og:title\" content=\"Lutte contre l&#039;\u00e9chec - UNIVERSIT\u00c9 NUM\u00c9RIQUE DES HUMANIT\u00c9S\" \/>\n<meta property=\"og:description\" content=\"La lutte contre l\u2019\u00e9chec en 1er cycle est l\u2019un des d\u00e9fis de nos \u00e9tablissements. Celle-ci passe notamment par une d\u00e9tection pr\u00e9coce des lacunes et difficult\u00e9s de l\u2019\u00e9tudiant et\/ou par un travail sur la transition lyc\u00e9e\/universit\u00e9, ainsi que par des op\u00e9rations de rem\u00e9diation. L\u2019UOH est en mesure d\u2019aider \u00e0 la mise en place de parcours de [&hellip;]\" \/>\n<meta property=\"og:url\" content=\"https:\/\/uoh.fr\/front\/lutte-contre-lechec\/\" \/>\n<meta property=\"og:site_name\" content=\"UNIVERSIT\u00c9 NUM\u00c9RIQUE DES HUMANIT\u00c9S\" \/>\n<meta property=\"article:publisher\" content=\"https:\/\/www.facebook.com\/UOHumanites\/\" \/>\n<meta property=\"article:modified_time\" content=\"2019-11-15T13:45:33+00:00\" \/>\n<meta name=\"twitter:card\" content=\"summary_large_image\" \/>\n<meta name=\"twitter:site\" content=\"@uohumanites\" \/>\n<meta name=\"twitter:label1\" content=\"Dur\u00e9e de lecture estim\u00e9e\" \/>\n\t<meta name=\"twitter:data1\" content=\"2 minutes\" \/>\n<script type=\"application\/ld+json\" class=\"yoast-schema-graph\">{\"@context\":\"https:\/\/schema.org\",\"@graph\":[{\"@type\":\"Organization\",\"@id\":\"https:\/\/uoh.fr\/front\/#organization\",\"name\":\"Universit\\u00e9 Ouverte des Humanit\\u00e9s\",\"url\":\"https:\/\/uoh.fr\/front\/\",\"sameAs\":[\"https:\/\/www.facebook.com\/UOHumanites\/\",\"https:\/\/www.linkedin.com\/company\/universit-ouverte-des-humanit-s\",\"https:\/\/fr.wikipedia.org\/wiki\/Universit\\u00e9_ouverte_des_Humanit\\u00e9s\",\"https:\/\/twitter.com\/uohumanites\"],\"logo\":{\"@type\":\"ImageObject\",\"@id\":\"https:\/\/uoh.fr\/front\/#logo\",\"inLanguage\":\"fr-FR\",\"url\":\"https:\/\/uoh.fr\/front\/wp-content\/uploads\/2019\/10\/logo-uoh-png.png\",\"contentUrl\":\"https:\/\/uoh.fr\/front\/wp-content\/uploads\/2019\/10\/logo-uoh-png.png\",\"width\":1200,\"height\":507,\"caption\":\"Universit\\u00e9 Ouverte des Humanit\\u00e9s\"},\"image\":{\"@id\":\"https:\/\/uoh.fr\/front\/#logo\"}},{\"@type\":\"WebSite\",\"@id\":\"https:\/\/uoh.fr\/front\/#website\",\"url\":\"https:\/\/uoh.fr\/front\/\",\"name\":\"UOH\",\"description\":\"Des ressources en Arts, Lettres, Langues et Sciences Humaines et Sociales\",\"publisher\":{\"@id\":\"https:\/\/uoh.fr\/front\/#organization\"},\"potentialAction\":[{\"@type\":\"SearchAction\",\"target\":{\"@type\":\"EntryPoint\",\"urlTemplate\":\"https:\/\/uoh.fr\/front\/?s={search_term_string}\"},\"query-input\":\"required name=search_term_string\"}],\"inLanguage\":\"fr-FR\"},{\"@type\":\"WebPage\",\"@id\":\"https:\/\/uoh.fr\/front\/lutte-contre-lechec\/#webpage\",\"url\":\"https:\/\/uoh.fr\/front\/lutte-contre-lechec\/\",\"name\":\"Lutte contre l'\\u00e9chec - UNIVERSIT\\u00c9 NUM\\u00c9RIQUE DES HUMANIT\\u00c9S\",\"isPartOf\":{\"@id\":\"https:\/\/uoh.fr\/front\/#website\"},\"datePublished\":\"2019-10-17T09:10:56+00:00\",\"dateModified\":\"2019-11-15T13:45:33+00:00\",\"breadcrumb\":{\"@id\":\"https:\/\/uoh.fr\/front\/lutte-contre-lechec\/#breadcrumb\"},\"inLanguage\":\"fr-FR\",\"potentialAction\":[{\"@type\":\"ReadAction\",\"target\":[\"https:\/\/uoh.fr\/front\/lutte-contre-lechec\/\"]}]},{\"@type\":\"BreadcrumbList\",\"@id\":\"https:\/\/uoh.fr\/front\/lutte-contre-lechec\/#breadcrumb\",\"itemListElement\":[{\"@type\":\"ListItem\",\"position\":1,\"name\":\"Home\",\"item\":\"https:\/\/uoh.fr\/front\/\"},{\"@type\":\"ListItem\",\"position\":2,\"name\":\"Lutte contre l&rsquo;\\u00e9chec\"}]}]}<\/script>\n<!-- \/ Yoast SEO plugin. -->","yoast_head_json":{"robots":{"index":"index","follow":"follow","max-snippet":"max-snippet:-1","max-image-preview":"max-image-preview:large","max-video-preview":"max-video-preview:-1"},"canonical":"https:\/\/uoh.fr\/front\/lutte-contre-lechec\/","og_locale":"fr_FR","og_type":"article","og_title":"Lutte contre l'\u00e9chec - UNIVERSIT\u00c9 NUM\u00c9RIQUE DES HUMANIT\u00c9S","og_description":"La lutte contre l\u2019\u00e9chec en 1er cycle est l\u2019un des d\u00e9fis de nos \u00e9tablissements. Celle-ci passe notamment par une d\u00e9tection pr\u00e9coce des lacunes et difficult\u00e9s de l\u2019\u00e9tudiant et\/ou par un travail sur la transition lyc\u00e9e\/universit\u00e9, ainsi que par des op\u00e9rations de rem\u00e9diation. L\u2019UOH est en mesure d\u2019aider \u00e0 la mise en place de parcours de [&hellip;]","og_url":"https:\/\/uoh.fr\/front\/lutte-contre-lechec\/","og_site_name":"UNIVERSIT\u00c9 NUM\u00c9RIQUE DES HUMANIT\u00c9S","article_publisher":"https:\/\/www.facebook.com\/UOHumanites\/","article_modified_time":"2019-11-15T13:45:33+00:00","twitter_card":"summary_large_image","twitter_site":"@uohumanites","twitter_misc":{"Dur\u00e9e de lecture estim\u00e9e":"2 minutes"},"schema":{"@context":"https:\/\/schema.org","@graph":[{"@type":"Organization","@id":"https:\/\/uoh.fr\/front\/#organization","name":"Universit\u00e9 Ouverte des Humanit\u00e9s","url":"https:\/\/uoh.fr\/front\/","sameAs":["https:\/\/www.facebook.com\/UOHumanites\/","https:\/\/www.linkedin.com\/company\/universit-ouverte-des-humanit-s","https:\/\/fr.wikipedia.org\/wiki\/Universit\u00e9_ouverte_des_Humanit\u00e9s","https:\/\/twitter.com\/uohumanites"],"logo":{"@type":"ImageObject","@id":"https:\/\/uoh.fr\/front\/#logo","inLanguage":"fr-FR","url":"https:\/\/uoh.fr\/front\/wp-content\/uploads\/2019\/10\/logo-uoh-png.png","contentUrl":"https:\/\/uoh.fr\/front\/wp-content\/uploads\/2019\/10\/logo-uoh-png.png","width":1200,"height":507,"caption":"Universit\u00e9 Ouverte des Humanit\u00e9s"},"image":{"@id":"https:\/\/uoh.fr\/front\/#logo"}},{"@type":"WebSite","@id":"https:\/\/uoh.fr\/front\/#website","url":"https:\/\/uoh.fr\/front\/","name":"UOH","description":"Des ressources en Arts, Lettres, Langues et Sciences Humaines et Sociales","publisher":{"@id":"https:\/\/uoh.fr\/front\/#organization"},"potentialAction":[{"@type":"SearchAction","target":{"@type":"EntryPoint","urlTemplate":"https:\/\/uoh.fr\/front\/?s={search_term_string}"},"query-input":"required name=search_term_string"}],"inLanguage":"fr-FR"},{"@type":"WebPage","@id":"https:\/\/uoh.fr\/front\/lutte-contre-lechec\/#webpage","url":"https:\/\/uoh.fr\/front\/lutte-contre-lechec\/","name":"Lutte contre l'\u00e9chec - UNIVERSIT\u00c9 NUM\u00c9RIQUE DES HUMANIT\u00c9S","isPartOf":{"@id":"https:\/\/uoh.fr\/front\/#website"},"datePublished":"2019-10-17T09:10:56+00:00","dateModified":"2019-11-15T13:45:33+00:00","breadcrumb":{"@id":"https:\/\/uoh.fr\/front\/lutte-contre-lechec\/#breadcrumb"},"inLanguage":"fr-FR","potentialAction":[{"@type":"ReadAction","target":["https:\/\/uoh.fr\/front\/lutte-contre-lechec\/"]}]},{"@type":"BreadcrumbList","@id":"https:\/\/uoh.fr\/front\/lutte-contre-lechec\/#breadcrumb","itemListElement":[{"@type":"ListItem","position":1,"name":"Home","item":"https:\/\/uoh.fr\/front\/"},{"@type":"ListItem","position":2,"name":"Lutte contre l&rsquo;\u00e9chec"}]}]}},"_links":{"self":[{"href":"https:\/\/uoh.fr\/front\/wp-json\/wp\/v2\/pages\/765"}],"collection":[{"href":"https:\/\/uoh.fr\/front\/wp-json\/wp\/v2\/pages"}],"about":[{"href":"https:\/\/uoh.fr\/front\/wp-json\/wp\/v2\/types\/page"}],"author":[{"embeddable":true,"href":"https:\/\/uoh.fr\/front\/wp-json\/wp\/v2\/users\/1"}],"replies":[{"embeddable":true,"href":"https:\/\/uoh.fr\/front\/wp-json\/wp\/v2\/comments?post=765"}],"version-history":[{"count":7,"href":"https:\/\/uoh.fr\/front\/wp-json\/wp\/v2\/pages\/765\/revisions"}],"predecessor-version":[{"id":1369,"href":"https:\/\/uoh.fr\/front\/wp-json\/wp\/v2\/pages\/765\/revisions\/1369"}],"wp:attachment":[{"href":"https:\/\/uoh.fr\/front\/wp-json\/wp\/v2\/media?parent=765"}],"curies":[{"name":"wp","href":"https:\/\/api.w.org\/{rel}","templated":true}]}}